 Let l(v) = -v**3 - 2*v**2 + 1. Determine l(r).
10
Let k(m) = m - 9. Let b be ((-48)/(-8))/(-3*1/(-22)). Let l = b - 40. What is k(l)?
-5
Let c(p) = -5*p**3 - p**2 + 1. Let a(r) = -29*r**3 - 12*r**2 - 1. Let t(q) = -a(q) + 6*c(q). Calculate t(6).
7
Let m(o) = o**3 - 9*o**2 + 9*o + 4. Let g(p) = -p**3 + 14*p**2 + 6*p - 76. Let l be g(14). What is m(l)?
12
Let x(s) = 8*s - 161. Let d be x(20). Let c(g) = -13*g**3 + g + 1. Determine c(d).
13
Let o(s) = s**3 - 18*s**2 + 16*s + 9. Let v be o(17). Let c be (36/v + 3)*2 - -4. Let f(a) = 12*a**3 + 2*a**2 - a. Calculate f(c).
13
Let z(t) = -t**3 + t**2 + t. Suppose -19*g = 22 - 3. Suppose 9 = -4*d - 7. Let l(r) = 3*r**3 - 8*r**2 - 7*r - 4. Let v(y) = d*z(y) + g*l(y). What is v(-4)?
-8
Suppose -4*y - 3 = -3*u + 4, 4*u = -y + 41. Let k(c) = 4 + 3*c + u*c + c**2 - 4*c. Give k(-5).
-11
Suppose -5*q - 28 = 4*v, -4*v + q - 28 = -3*q. Let o(s) = -3*s**2 - 27*s - 35. Let w(n) = n**2 + 9*n + 12. Let f(k) = -6*o(k) - 17*w(k). Give f(v).
-8
Let y = -23 + 38. Let z(u) = -u**2 + 12*u + 8. Let w be z(11). Let s = w - y. Let o(x) = x**3 - 3*x**2 - 2*x - 1. Give o(s).
7
Let g(d) = 6*d**3 - d**2 + d - 1. Let k be g(1). Let h(s) = -s**3 + 4*s**2 + 5*s + 4. Give h(k).
4
Let f(v) = 7*v + 2. Let i(q) = -3*q - 1. Let j(y) = -3*y - 17. Let o be j(-4). Let g(b) = o*i(b) - 2*f(b). Let u be ((-4)/3)/(1/(-3)). Calculate g(u).
5
Let g = -16 + 18. Let t(j) = -17 - 18*j + 7*j**2 - j**2 + 17*j - 7*j**g. Determine t(0).
-17
Let b = -18 + 21. Let u(y) = -y**2 + 6*y + 19. Let k be u(8). Let m(o) = -3*o + 3*o - 3*o**2 + 4 - 11*o**3 + 12*o**k. Calculate m(b).
4
Let h(n) = -3*n**2 + 4*n - 1. Let m(y) = y**2 + 1. Let b(i) = -h(i) + 2*m(i). Calculate b(3).
36
Let h(t) = t**2 + 8*t. Let m be h(6). Let p = -83 + m. Let k(l) = -3*l - 5*l - 3*l + 1. Give k(p).
-10
Let d(p) = -2*p**2 + 3*p + 3. Suppose 0 = -v - 4*v + 40. Suppose -v*m + 9*m = 3. Give d(m).
-6
Let g = 24 - 66. Let v = g + 39. Let d(m) be the third derivative of -m**4/8 - m**3/2 - 3*m**2. Determine d(v).
6
Let s(v) = v**2 + 3*v - 2. Let t be s(-3). Let f(n) be the third derivative of -n**6/120 - n**5/60 + n**4/12 + n**3/6 - 1386*n**2. Calculate f(t).
1
Let u = -3 + 16. Suppose u = -4*n - 3*p, n = -2*p + 3 - 10. Let f(o) = -2*o + 1. Calculate f(n).
3
Suppose -5*a - 102 - 23 = 0. Let n = -26 - a. Let r(d) = -8*d**3 - 1. Calculate r(n).
7
Let w(m) = -m - 2*m - 2 - m. Let j be ((-9)/(-36))/(-1)*8. Calculate w(j).
6
Suppose 5*k - 2 = 8. Let j(f) = f - 4. Let o(l) = -5*l + 15. Let b(u) = k*o(u) + 9*j(u). Determine b(6).
-12
Let b(v) be the third derivative of -v**6/120 - 2*v**5/15 - v**4/4 - v**3/3 - 15*v**2 - 9*v. Calculate b(-6).
-38
Let l(k) = -2*k**2 - 3*k - 1. Let f(z) = -5*z**2 - 5*z - 2. Let u(i) = -3*f(i) + 5*l(i). Let t be u(1). Let a(n) = 85*n + 3 - 83*n - 5. Calculate a(t).
10
Let o(z) = 11*z + 2. Let d(b) = b**2 + 44*b + 3. Let a(l) = 2*d(l) - 9*o(l). Determine a(6).
-6
Suppose -5*i = 2*k + 1, -i - i = k. Let d(x) be the third derivative of x**5/10 + x**4/24 + x**3/6 + 2*x**2. Calculate d(i).
6
Let l(j) = -j**3 - 2*j**2 + j. Let r be 4/24*-3*0. Suppose -3*u - 5 + 8 = r. Give l(u).
-2
Let c(t) = -15 - 38*t**2 + 144*t**2 - 48*t**2 - 56*t**2 - 24*t. What is c(12)?
-15
Let h(g) = g**2 - 15*g + 32. Suppose 44*z = 681 - 109. Give h(z).
6
Suppose -2*z - 82 = 4*d - 26, 5*d + 81 = 3*z. Let j(s) = -s - 17. Give j(d).
-2
Let z(m) = -6*m - 30. Let o(p) = 16*p - 117. Let q be o(7). Calculate z(q).
0
Suppose 3*c + 25 = -3*q + 67, 3*c = q - 10. Let h = q - 6. Let t(y) = -8*y**3 - h*y**2 + 12*y**2 + 2*y - 5*y**2 - 1. Calculate t(1).
-7
Suppose t + 6 = 4*t, t - 11 = 3*i. Suppose 48 = 2*r + 46. Let j(o) = 0*o + o + r + 0*o + 3*o. Calculate j(i).
-11
Let w(p) be the first derivative of 1/3*p**3 - 6 - 5/2*p**2 + 6*p. Determine w(7).
20
Let t(k) = 2*k - 6. Suppose 2*m - 5*m - 35 = -2*y, 5*m = 2*y - 57. Determine t(m).
-28
Let h = 16 - 15. Let z(m) = -m**2 + h + m**3 - 3*m**2 + 0 + 7*m - 6*m. Calculate z(4).
5
Let v(m) = 3*m - 5. Let h(q) = -q - 30. Let a be h(-18). Let r be (1*a/15)/((-6)/(-45)). What is v(r)?
-23
Let m(r) be the first derivative of -r**4/4 - 2*r**3 - 7*r**2/2 - r + 86. Determine m(-5).
9
Suppose -3*h - 2*b + 39 = 0, -b - 19 = -4*h + 2*h. Suppose 5*s + 4*c - 11 = 0, 3 = 2*s + 4*c - h. Let y(v) = -15*v**3 + v**2 + v + 1. What is y(s)?
16
Let c be 10/(-22) + 930/(-1705). Let t(l) = -10*l**3 - l**2 - 4*l - 2. Calculate t(c).
11
Let m(q) = -q**3 + 6*q**2 - 5*q + 5. Let z be (7 - -2) + 6 - (5 + -1). Suppose 45 = 4*t - 4*y + 9, -t - 4*y = z. Calculate m(t).
5
Let y(p) be the third derivative of 4*p**2 + 0*p**5 - 1/12*p**4 + 1/6*p**3 + 1/10*p**6 + 0 + 0*p. Suppose -5*x - 5 - 10 = 0, 3*o - x - 6 = 0. Give y(o).
11
Let p(m) be the first derivative of -m**4/2 + 8*m**3/3 + 5*m**2 + 3*m + 226. Give p(5).
3
Let h(k) = -4*k**3 + 2*k - 1. Let i be h(1). Suppose -5*q + 32*s + 49 = 33*s, -4*q = s - 39. Let g = q + i. Let t(r) = -r + 7. Give t(g).
0
Let g(m) = -4*m**3 + 16*m**2 - 16*m + 9. Let k(u) = 9*u**3 - 34*u**2 + 32*u - 18. Let x(d) = -7*g(d) - 3*k(d). Calculate x(8).
-9
Suppose 22*i - 24 = 10*i. Let n(h) = -2*h**3 + 3*h - 3. What is n(i)?
-13
Let o = 92 - 88. Let a(c) = 4*c + c - 1 - 2*c + o*c. Determine a(-1).
-8
Let n(p) be the second derivative of -p**5/20 - 7*p**4/12 - 7*p**3/6 - p**2/2 - p. Suppose 18*w = -1026 + 918. Determine n(w).
5
Let g(k) be the first derivative of -k**4/4 - 4*k**3 - 13*k**2/2 - 27*k - 363. Determine g(-11).
-5
Suppose w = -d - 0 - 1, 5*w - 2*d = 30. Suppose -12*r + 8 = -8*r. Let x(l) = 2 + 10 - 6*l + l**r - 6. Give x(w).
-2
Suppose 0 = 5*s - 0*s - 35. Suppose -16 = -4*p + 4*j, s*p - j - 10 = 4*p. Let a(o) = 3*o + 2*o**2 + p*o + 2*o - 3*o + 2. Give a(-3).
5
Let c(g) = -g**2 + 41*g + 240. Let p be c(-5). Let r(o) = -o**2 + 8*o + 9. Give r(p).
-11
Suppose s - 50 = -2*i, 113*s = 112*s + 4. Let j(k) = -k**2 + 21*k + 32. Give j(i).
-14
Let x(f) = -17*f**3 - 4 + f + 2 + 18*f**3 - 1 - 3*f**2. Give x(3).
0
Let c(g) = -g**2 + g - 9. Let x(y) = y + 3. Let r(j) = -c(j) - x(j). Determine r(5).
21
Let t = 31 + -20. Suppose 2*a - 3 = 4*y - 15, -2*a - t = -3*y. Let s(c) = c**3 + 5*c**2 + 3*c + 2. Give s(a).
6
Let a(v) be the second derivative of v**3/2 - v**2 + 352*v. Determine a(-4).
-14
Suppose -2*b - k + 16 = 2*k, b = -k + 6. Let a(p) = -2 + 2*p**2 + 7*p - 3 - 5*p**2 + 2*p**b. What is a(8)?
-13
Let s be (-18)/12 + 202/(-4). Let r = -48 - s. Let i(p) = -2*p - 1. Calculate i(r).
-9
Let r(z) = 50*z + 148. Let i be r(-3). Let o(u) = u**3 + u + 1. Calculate o(i).
-9
Let t(a) = -6*a**3 + 9*a**2 - 9*a + 4. Let q(u) = -u**3 - 1. Let x(z) = 5*q(z) - t(z). Give x(8).
-1
Let s(p) = p**3 - p**2 + p + 25. Let a be (69/6 + -12)*0. Give s(a).
25
Let y(a) = 2*a + 1. Let g be y(1). Let r = g - 1. Let p(w) = -w + 7. Let t(c) = -2*c + 8. Let f(l) = -7*p(l) + 6*t(l). Calculate f(r).
-11
Let o(p) = -2*p - 3 + 3*p + 0*p - 4*p. Let v(h) = -h**2 - 3*h + 1. Let b be v(-4). What is o(b)?
6
Let a(t) = t - 7. Suppose -2*s + n + 10 = 0, -s + 2*n = -2*s. Let h be s + -4 + 0 + 31. Suppose -5*y - 4*x + 13 - 4 = 0, -3*y + h = -4*x. Calculate a(y).
-2
Let o be (-7)/14 - 9/6. Let m(r) = -r**3 - r**2 - 2*r - 2. Determine m(o).
6
Suppose 0 = -z - y - 1, 6 = 2*z - y - y. Let q = z + 4. Let m(t) = t + 1. Let w(s) = 2*s + 11. Let f(h) = 6*m(h) - w(h). Calculate f(q).
15
Suppose -3*y + 3 = -v, -7*v + 5*y - 5 = -2*v. Let d(a) be the first derivative of -a**3/3 + 5*a + 23. Give d(v).
5
Let y(o) = 44 + 7*o + 2*o**2 - 135 + 48 + 46. Determine y(-2).
-3
Let b(n) = 3*n - 8. Let w(x) = -8*x + 23. Let g(p) = -11*b(p) - 4*w(p). Calculate g(-2).
-2
Let a(p) = p**3 + 6*p**2 + 6. Let u be a(-6). Let m(o) = 4*o + 24. Let t = -49 + 46. Let f(d) = d + 5. Let x(c) = t*m(c) + 14*f(c). Calculate x(u).
10
Let o = 1418 + -1418. Let y(g) = 3*g**3 - g**2 + 3*g - 10. Let h(d) = 7*d**3 - 2*d**2 + 7*d - 21. Let l(b) = 4*h(b) - 9*y(b). Calculate l(o).
6
Let z(t) be the first derivative of t**4/4 - 6*t**3 + t**2/2 - 19*t - 139. What is z(18)?
-1
Let k(o) = 2*o**2 - 2*o - 2. Let t = 31 + -29. What is k(t)?
2
Let w be (4/(-12))/(1/(-18)). Let g(d) = 2*d - 9. Let x be g(w). Let l(m) = x*m + m - 6 - 3 - 5*m. What is l(0)?
-9
Suppose 0 = 6*a + 28*a. Let r(p) = 6 + p**2 + p + 3*p**3 - 4*p**3 - 14. Determine r(a).
-8
Let i(n) = -10*n + 32. Let